 by 24.
15
Let b(c) = 133*c + 1557. Calculate the remainder when 238 is divided by b(-11).
50
Suppose -13*i - 11*i = -17*i. Let v(t) be the second derivative of t**5/20 - t**3/6 + 107*t**2/2 + 2*t. What is the remainder when v(i) is divided by 22?
19
What is the remainder when 65 is divided by 360/15*(6/(-8) + 1)?
5
Suppose 3*v = -105 + 87. Calculate the remainder when 26 is divided by 0/(-3) + (0 - v) + -2.
2
Let q be (2/(-10) + 5)*20/3. Suppose -q*c + 26 + 38 = 0. Calculate the remainder when (-17 - -4)/((-2)/4) is divided by c.
0
Let q be 4/34 - 608/(-34). Suppose 17*t + 7 = q*t. What is the remainder when 368 is divided by t?
4
Suppose 0*d + 26 = 2*d + 4*z, -2*d + 4*z + 18 = 0. Let q(n) = n**2 + 8*n - 161. What is the remainder when 191 is divided by q(d)?
47
Suppose -4*v = -44 + 48, 0 = 5*k - 3*v - 1118. Calculate the remainder when k is divided by (-37 - -9)/(1/(-2)).
55
Suppose -2*h + 6*g - 9*g = -319, 633 = 4*h + 5*g. Calculate the remainder when 623 is divided by h.
15
Suppose 122*b = -113*b + 49*b + 4092. Let d = 11 + -5. What is the remainder when b is divided by d?
4
Suppose 18*z = 4*z + 70. Suppose 5*a - c = 3*c + 614, z*c = 3*a - 358. What is the remainder when a is divided by 33?
27
Suppose 0 = -115*y + 74*y + 123. Calculate the remainder when 52 is divided by y.
1
Calculate the remainder when 296 is divided by (-11 + 13)/((-1 - -5) + 271/(-68)).
24
Let s = 180 - 165. Let v(r) = -5*r - 10. Let o be v(-7). Let d = o - s. Calculate the remainder when 17 is divided by d.
7
Suppose 49 = 4*i - 107. Suppose -3*p + 3 = r, -4*r - 4*p + i = 11. What is the remainder when ((-20)/24*-2)/(1/9) is divided by r?
6
Let t(n) = -2*n**3 + 6*n. Suppose f + 145 = 182. What is the remainder when t(-5) is divided by f?
35
Let c = 6072 - 5991. Let s = -63 - -121. Calculate the remainder when c is divided by (-35)/14*s/(-5).
23
Suppose 2*q - 2 = 2. Suppose 5*s - 151 = 4*z, q*z = 3*s + s - 122. What is the remainder when 119 is divided by s?
26
Let d = 228 - 239. Let y = 2 - d. Calculate the remainder when 25 is divided by y.
12
Let v(y) = y**2 - 6*y + 2. Suppose 142 = -4*o - 326. Let a = -105 - o. Calculate the remainder when a is divided by v(7).
3
Let r = 306 + -304. Suppose p - 5*d - 44 = 0, 2*p - 3*p = r*d - 72. What is the remainder when 894 is divided by p?
62
Let l = 282 - 200. Suppose 91*f - 63 = l*f. Calculate the remainder when 41 is divided by f.
6
Let i(g) = -24*g - 12. Let j(u) = -24*u - 12. Let s(m) = 6*i(m) - 5*j(m). Calculate the remainder when 34 is divided by s(-1).
10
Let s(i) = -i**2 + 7. Let y be s(0). Suppose 500 = -2*q + y*q. Let d(u) = -u**2 + 41*u - 131. Calculate the remainder when q is divided by d(4).
15
Suppose -38 = -2*p - 6. Let t be (12/(-16))/((-3)/p). Suppose t*w = -2*i + 318, -2*w + 72 = -w + 2*i. What is the remainder when w is divided by 17?
14
Let p(x) = 1 + 3*x + 0 + 4. Suppose 12*l = 28*l - 784. What is the remainder when l is divided by p(4)?
15
Let b(z) = z**3 - 2*z**2 - 13*z + 79. What is the remainder when 279 is divided by b(5)?
12
Suppose 4*p - 497 = 143. Let n = -47 + 51. Suppose 3*y - 287 = -n*y. What is the remainder when p is divided by y?
37
Let i(r) = r**3 - 21*r**2 + 57*r - 2. Let a = 515 + -497. Calculate the remainder when 204 is divided by i(a).
48
Suppose -30*h = -69*h + 4291 + 15482. What is the remainder when h is divided by 7?
3
Let p = -78 + 93. Suppose -9*h = -p*h + 162. Calculate the remainder when ((-1 - -3) + -3)*-49 is divided by h.
22
Let n = 20 + 55. Suppose -2*t - 11 = -65. What is the remainder when n is divided by t?
21
Suppose -2*b + 613 - 385 = 0. Calculate the remainder when 563 is divided by b.
107
Suppose 60*m = 40*m + 1560. What is the remainder when 928 is divided by m?
70
Suppose 5*h = -3*i + 4*i - 298, -942 = -3*i + 3*h. Let v = 54522 + -54502. What is the remainder when i is divided by v?
18
What is the remainder when (-129)/(-15)*((-11)/(-55) + (-196)/(-20)) is divided by 77?
9
Let s = -73386 - -73483. What is the remainder when s is divided by -12*(5/(-4) - 1)?
16
Suppose -260 = -16*q + 11*q + 5*x, 0 = -q - 5*x + 28. Calculate the remainder when 4316 is divided by q.
44
Let f(g) = -2*g**2 + 14*g - 4. Let v be f(7). Let y(c) = -4*c**3 - 4*c**2 + 12*c + 36. What is the remainder when y(v) is divided by 17?
10
Let y(k) = k**3 - 6*k**2 + 4*k + 9. Let v be y(5). Calculate the remainder when (-616)/(-18) - v/18 is divided by 9.
7
Suppose 0 = 4*t + 3*u + 6, 2*t - 4*u = -t + 8. Suppose 4*f + 49 = 5*f - 4*g, -3*f - g + 160 = t. Calculate the remainder when 101 is divided by f.
48
Let w be 0 + 3*(-6)/9. Let j be (-262)/(((-1)/(-1))/w). What is the remainder when (-2)/(-6) - j/(-12) is divided by 12?
8
Let h be ((-128)/(-10) + -2)/(5/125). Let q = -5 - -7. Suppose -q*p - h = -5*p. What is the remainder when p is divided by 23?
21
Suppose -96*m - 24*m = -46814 - 55306. What is the remainder when 2595 is divided by m?
42
Let h be (-2 + 0)*87/6. Let y = h - -56. Let a(n) = 3*n**3 + 19*n**2 - 129*n - 791. Calculate the remainder when y is divided by a(-7).
13
Let c(z) = -5*z**3 + 4*z**2 + 1. Calculate the remainder when c(-3) is divided by 684/(-2223)*(4 - 147).
40
Let g = 217 + -195. Suppose 163*n - g = 162*n. Calculate the remainder when n is divided by 13.
9
Suppose -5468 - 2836 = -6*o - 18*o. Calculate the remainder when o is divided by 70.
66
Let p = -22440 + 22463. Calculate the remainder when p is divided by (-1)/(-4) + 62/8.
7
Let m be 0 - -2*4/8. Suppose -3*q + f = 2*q - 42, -30 = -4*q - f. Calculate the remainder when (3 - 2)/(m/(26 - -1)) is divided by q.
3
Let w(t) = -t**3 + 5*t**2 - 48*t + 289. What is the remainder when w(5) is divided by 13?
10
Let t = 136385 - 136368. Let b(r) = r**3 - 2*r**2 - 5*r - 5. Calculate the remainder when b(5) is divided by t.
11
Let s(m) = m**2 + 10*m - 391. What is the remainder when s(25) is divided by 47?
14
Let z = -42 + 39. Calculate the remainder when (-12)/z - (-48 - -5) is divided by (-1548)/(-108) - 4/3.
8
Let s = -4143 + 4163. Calculate the remainder when 282 is divided by s.
2
Suppose 4*w = -2*u - 3192, -2*u + 5*u - 1604 = 2*w. Let p = -554 - w. Calculate the remainder when p is divided by 62.
59
Suppose -3*y - 7*s + 1325 = 0, 1265 = 8*y - 5*y - 5*s. What is the remainder when y is divided by 221?
209
Let j = 176 - 158. Let a(t) = -t**3 + 23*t**2 + 36*t - 75. Calculate the remainder when a(24) is divided by j.
15
Let k(i) be the second derivative of -11*i**5/2 + i**4/12 - i**3/3 - 3*i**2/2 - 39*i. What is the remainder when k(-1) is divided by 23?
18
What is the remainder when 113 is divided by 43/18*14 + 21/(4536/(-96))?
14
What is the remainder when 83 is divided by (-35)/(-4) + -5 - (-15)/60?
3
Let r(l) = -3*l**3 + 29*l**2 + l - 29. Let d(y) = 2*y**3 - 19*y**2 - y + 19. Let b(w) = -7*d(w) - 5*r(w). What is the remainder when b(12) is divided by 19?
17
Let x(r) = r**3 - 36*r**2 + 103*r - 128. Let c(j) = -6*j. Calculate the remainder when c(-5) is divided by x(33).
2
Let m(j) = 12*j - 3. Suppose 7*r - 210 = -14*r. Calculate the remainder when m(6) is divided by r.
9
Suppose 4*i - c + 0*c = 43, 20 = 2*i - 2*c. Let j(d) = -d**3 + 9*d**2 + 22*d + 27. What is the remainder when 48 is divided by j(i)?
21
Suppose -4*k + 2*r + 282 = 0, -1804 = -k - 5*r - 1706. Calculate the remainder when 2989 is divided by k.
69
Let o be (-6)/10*60/(-6). Suppose p - 53 = 2*u, p - o*p = u + 32. Let s = u - -82. Calculate the remainder when s is divided by 7.
6
Let k = -242 + -469. Let a = 997 + k. What is the remainder when a is divided by 48?
46
Let h(i) = 23*i - 91. Let b be h(6). Suppose -2*a - a + 3*p = -177, a - 4*p - b = 0. What is the remainder when a is divided by 10?
3
Suppose -116*b - 18*b + 27156 = 52*b. What is the remainder when 3499 is divided by b?
141
Suppose 3*g - 28 = -49. Let p be (-4)/(((-21)/6)/g). Let j = 17 - p. Calculate the remainder when 46 is divided by j.
21
Suppose 5*d + 1452 = 2*h, 0 = -307*h + 309*h - 2*d - 1458. What is the remainder when h is divided by 49?
45
Let x(u) = -45*u - 41. Let c be x(-5). Let r = -26 + c. Calculate the remainder when r is divided by 8.
6
Suppose -v = -5, -539 = -4*j - v - 2*v. Suppose j = l - o, o + 227 = 2*l + 6*o. What is the remainder when l is divided by 33?
27
Let y = 104 + -102. Let c